on divisor of 49 and c?
7
Suppose 4*x + 0*c + 172 = -4*c, -3*x = -2*c + 104. Suppose 0 = -5*v + 5*j, 0 = 30*j - 29*j - 1. Let h = v - x. Calculate the highest common factor of h and 13.
13
Let y(q) = -4*q**3 - 2*q**2 + 43*q + 308. Let l be y(-11). Calculate the greatest common factor of l and 33.
33
Suppose -12*s + 17267 = -21601. Calculate the greatest common divisor of s and 41.
41
Let g be (-4 + (-88)/(-16))/((-2)/(-72)). Let v = 106 - g. Suppose -u + 30 = -f, -2*u + 0*u + v = 2*f. Calculate the highest common divisor of 28 and u.
28
Suppose -16*t - 451 + 2467 = 0. Let d be (-105)/t + 2708/24. Calculate the highest common factor of 16 and d.
16
Let v be 8/((-1614)/108 - -15). What is the greatest common factor of v and 45216?
144
Let d be (-2380)/102*39/(-2). Suppose 419 - d = -3*i. Calculate the greatest common factor of i and 6.
6
Suppose 4*n - 652 = 768. Calculate the greatest common divisor of 142 and n.
71
Let a(p) = -p**3 - 28*p**2 - 95*p - 525. Let s be a(-27). What is the highest common factor of s and 1035?
69
Let g = 347 + -345. Suppose -z = -g, -3*z + 106 = -5*w + 490. Calculate the highest common factor of w and 182.
26
Let m(b) = -6*b + 101. Let s be m(1). Let p(j) = 2*j**2 - 24*j - 33. Let c be p(15). What is the greatest common factor of s and c?
19
Let t(c) = c**3 - 27*c**2 + 192*c. Let w be t(14). What is the greatest common factor of 910 and w?
70
Let m = -8761 + 8785. Suppose -4*s = -s. Let a be 6/5*(s - -30). What is the greatest common divisor of m and a?
12
Suppose -5*g = -3*y + 38 + 122, 2*y - 104 = 2*g. Suppose 0 = 41323*b - 41303*b - 400. Calculate the greatest common divisor of y and b.
10
Let m(l) = 4*l**2 - 2*l - 4. Let a be m(3). Let k = -931 + 389. Let t = -412 - k. What is the highest common divisor of t and a?
26
Let w(p) = -p**2 + 18*p + 75. Let k be w(21). What is the greatest common factor of 2028 and k?
12
Let m = 4540 + -3372. Calculate the highest common factor of 80 and m.
16
Let x(a) = 9*a - 225. Let j be x(5). Let s be ((-3)/2)/(18/j). What is the greatest common factor of 240 and s?
15
Let q = -8587 + 12285. Calculate the highest common divisor of 258 and q.
86
Suppose 137543 + 5457 = -22*w + 72*w. What is the highest common divisor of w and 39?
13
Let f(x) be the third derivative of -23*x**4/6 - x**3/3 + 29*x**2. Let j be f(1). Let w be 1/(6/(-9)) + j/(-4). What is the highest common divisor of 33 and w?
11
Suppose -5 = -z - 9. Let p be (3*5/(-60))/(z/112). Calculate the greatest common factor of p and 448.
7
Suppose -918 = -5*t - 3*i, 100*t - i = 95*t + 894. Let b = -60 + 75. Calculate the highest common factor of t and b.
15
Let z(c) = -4*c**3 - 30*c**2 - 35*c - 366. Let l be z(-8). What is the greatest common divisor of l and 26502?
42
Let i(s) = -569*s - 2777. Let t be i(-7). Calculate the highest common factor of t and 1072.
134
Let a(k) = -4 - 3*k + 10*k**2 + 2*k**3 - 14*k**2 + 10 - k**3. Let l be a(5). Calculate the greatest common divisor of l and 400.
16
Suppose -3*v + 36 = -2*z, -v = 2*z - 5 + 1. Suppose 0*n - 550 = -5*n. Calculate the highest common factor of n and v.
10
Let z = -62 - -62. Let s be ((-2)/4*z)/1. Suppose s = -b + 5*x + 6 + 8, 0 = 3*b - 5*x - 52. What is the highest common factor of b and 171?
19
Let f(s) = 260*s + 5539. Let x be f(-21). What is the highest common divisor of x and 12877?
79
Let q be 6/123 - (-41256)/1476. Suppose 3*h - 1 = -3*z + 2, -2*h + 14 = -2*z. Calculate the highest common factor of q and h.
4
Let c(h) = 22*h**2 + 3*h + 3. Let a be c(-2). Let k = 275 + -225. Suppose 156*y - 146*y = k. What is the highest common divisor of a and y?
5
Let o be (1 - 1 - 4) + 4. Let u be -40 + 96 + 0 + 2 + o. What is the greatest common divisor of u and 203?
29
Let t be 65 - (1/(-2 + 3) + -4). Suppose 0*m + x = -3*m + 204, m - t = -2*x. Suppose 15*l + m = 19*l. Calculate the highest common divisor of 34 and l.
17
Let h be -1 - 15/(-13) - 441/(-91). Let g(p) = -10 - 12 - 11 + h*p. Let v be g(8). What is the highest common divisor of 35 and v?
7
Suppose -5*w = -v - 4*w + 94, 4*v = -3*w + 411. Let f(s) = 0 - s**3 + 1 + 0 + s + 7*s**2 + 1. Let a be f(7). Calculate the greatest common divisor of a and v.
9
Let o be ((-24)/15 - -1)/((-10)/150). Suppose 6*u + 9 = -o. Let z be u/(-15) - (-109)/5. What is the greatest common factor of z and 2?
2
Suppose 57 = 4*k + 5*t, -4*k + 27 + 0 = -t. Suppose 2*s + 114 = -s. Let o be (-50)/225 - (0 + s/9). Calculate the greatest common factor of k and o.
4
Let b = -3 + -379. Let u = b + 395. What is the highest common factor of 481 and u?
13
Let d be 22/1*(-9 + 10). Let r(w) = -15*w - 11. Let t(a) = 9*a + 6. Let o(b) = -4*r(b) - 7*t(b). Let g be o(-3). What is the highest common factor of d and g?
11
Suppose -16 = -5*y + 3*v + 16, 2*y + 3*v = -4. Let w(a) = -11*a - 1678. Let t be w(-166). What is the greatest common divisor of y and t?
4
Suppose -111*k = -80*k - 5952. What is the highest common divisor of k and 2976?
96
Let g(k) = 309*k - 711. Let n be g(10). What is the greatest common divisor of 234 and n?
39
Let n be (-5790)/((-2)/6*(26 - 20)). Suppose 2*m = 5*i + 1354, 2*i - 875 + n = 3*m. What is the highest common factor of m and 21?
21
Suppose 893 = 3*i - u, -4*i + 8*u - 12*u = -1180. Calculate the greatest common factor of i and 162.
27
Suppose -j + 5*k + 216 = 0, 5*k + 960 = 5*j - 0*k. Calculate the highest common divisor of j and 713.
31
Let v = 28 - 16. Suppose 2*l - 102 = 3*j, 5*l + 10*j - 5*j = 230. Suppose -l = -9*k + 5*k. What is the greatest common factor of v and k?
12
Suppose -5*i + 47 - 52 = 4*r, -r - 5 = 0. What is the highest common divisor of 183 and i?
3
Let j(l) = 73 - 161*l - 154*l + 322*l. Let q be j(-9). Suppose q*r - 9*r - 35 = 0. What is the highest common divisor of 5 and r?
5
Suppose 100*c = 25131 + 10369. What is the greatest common factor of c and 30?
5
Let t = -260 + 263. Suppose -r + 0*f + 2*f = 0, -1 = -2*r + t*f. Calculate the highest common divisor of 17 and r.
1
Suppose -53*t + 2533 + 1091 + 192 = 0. What is the highest common divisor of 232 and t?
8
Let v(m) = m**2 + 19*m - 11. Let o be v(-20). Suppose 4*z = 45 + 15. Suppose -z - o = -x. Calculate the highest common divisor of 96 and x.
24
Let n(g) = 4483*g - 58223. Let m be n(13). Let j(k) = 66*k - 2. Let l be j(3). Calculate the greatest common factor of m and l.
28
Suppose -4*o - 3*i = -74, -4*o + 0*o - 2*i = -76. Let w be 156/208*(1 - (-4954)/6). Calculate the highest common divisor of w and o.
20
Let h(g) = -1190*g - 8662. Let p be h(-9). What is the highest common factor of 32 and p?
32
Suppose -3*g + 2*g + 15 = 0. Let j be ((-528)/18)/11*(-30 - 3). Let i = 103 - j. What is the greatest common factor of g and i?
15
Let a(x) = -2*x**3 - 18*x**2 - 13*x - 14. Let y be a(-14). What is the greatest common factor of y and 448?
112
Suppose -58 = -2*j + 68. Suppose 38*b - 791 = 577. Calculate the greatest common factor of b and j.
9
Let o be ((-12)/4 + 2)*0. Suppose -7*x + 641 + 185 = o. Let d = x - 52. Calculate the highest common divisor of d and 22.
22
Let r(p) = -p + 3. Let y be r(3). Suppose y*o = o - 2. Suppose 0 = 3*z + 3*b - 204, -5*z - o*b + 0*b = -340. What is the greatest common factor of 102 and z?
34
Suppose -135 = 7*b - 10*b - 5*q, 2*q - 47 = -b. Calculate the highest common factor of b and 2219.
7
Suppose 18*l + 77*l = 2379 + 1896. Calculate the greatest common factor of l and 1845.
45
Let n(s) = 4*s**3 - 35*s**2 + 52*s - 6. Let q be n(15). Calculate the greatest common divisor of 162 and q.
81
Let k = 16 + -26. Let c be (-1 + 6/(-8))*(k - -6). Suppose 4*o = -0*d - 3*d + 209, -265 = -5*o - 3*d. What is the highest common divisor of c and o?
7
Let n(u) = 24*u**2 + 52*u + 160. Let a be n(-3). Calculate the highest common factor of a and 330.
110
Let j = 14201 - 13173. Calculate the highest common factor of j and 9509.
257
Suppose 17 = -q + 16, -5*p + 2*q = -2. Suppose 3*u + 1085 = 4*k - p*u, -4*k - 4*u + 1120 = 0. Calculate the greatest common factor of k and 25.
25
Let f be 5*(-5)/(-25)*30*-1. Let c = f + 51. What is the highest common factor of 21 and c?
21
Suppose 5*j + 3*t = -t + 128, -2*t + 124 = 5*j. Calculate the highest common divisor of 48 and j.
24
Suppose 4*t = -5*c + 931, -2*t - 115 + 581 = 2*c. Suppose 0 = 258*v - 263*v + 90